y 14?
13
Suppose 5*y - z + 24 = 2*z, 0 = -3*y + 3*z - 18. Let m = y - -6. Let c = 17 - m. What is the remainder when 27 is divided by c?
13
Let h(l) = l**3 - 9*l**2 + 9*l - 8. Let t be h(8). Suppose 4 = 4*b - t. What is the remainder when ((-3)/9)/((-1)/3) is divided by b?
0
Let w be (-16)/(-10) + 6/15. Suppose y - 5*y = w*h - 52, y - 24 = 5*h. What is the remainder when 27 is divided by y?
13
Let k = 32 + -23. Calculate the remainder when 44 is divided by k.
8
Let y be 42*(0 - -1) + -1. Let w = y + -24. Let o(g) = g**3 - 6*g**2 + 7*g - 1. Calculate the remainder when w is divided by o(5).
8
Suppose -5*m + m - 3*t = -55, -3*t - 10 = -m. Let w(v) = -1 + v + v**2 - m*v + 9. What is the remainder when 21 is divided by w(12)?
5
Suppose 4*p = -3*h - 13 + 138, h = -1. Calculate the remainder when 97 is divided by 1*(p + -1) - -2.
31
Suppose 4*v - 1 = r, -2*r + 2*v + 18 = -v. What is the remainder when 35 is divided by r?
5
What is the remainder when 1938/78 + (-2)/(-13) is divided by 7?
4
Suppose -10*a = -5*a - 15. Suppose -q - 2*q = a*k - 72, -4*k + 5*q = -105. Calculate the remainder when 97 is divided by k.
22
Suppose m - 3*m + 36 = 0. Let o = m + 8. Calculate the remainder when o is divided by -12*(-4)/3 + -2.
12
Suppose 0 = 7*j - 2*j - 5, 0 = 5*u - 3*j - 72. Calculate the remainder when 329 is divided by u.
14
Suppose -4*x + 0*x = -5*h + 61, 0 = 4*h + 5*x - 16. Let a(b) = -3*b - 2 + 6*b**2 + 3*b + 3*b**2. What is the remainder when a(-2) is divided by h?
7
Let r be (-2 + -37)/3*-1. Let l = r + -4. What is the remainder when l is divided by 5 + -3 - (-1 - 0)?
0
Let q = -5 - -8. Suppose -3*v = q - 33. Suppose -3*u - 6 = -5*u, 4*t = -3*u + 117. What is the remainder when t is divided by v?
7
Suppose -h + 3*h = 6. Let r(b) = -b**3 + 2*b**2 + 3*b - 2. What is the remainder when (1 + -28)/(-3) - h is divided by r(2)?
2
Suppose -5*s = -4*m + 42, -4*m + 9*m = -s + 38. Calculate the remainder when m is divided by 7.
1
Let f = 3 + -4. Let j = -2 + f. Let q = 1 - j. Calculate the remainder when 11 is divided by q.
3
Let q(j) = -40*j - 53. What is the remainder when q(-5) is divided by 15?
12
Suppose 0 = 5*q, 3*z - 2*q + 5*q - 9 = 0. Calculate the remainder when 3 is divided by z.
0
Suppose -v + 0 + 3 = 0. Suppose s + m - 2 = v, 3*s = 4*m + 43. Let d(o) = -o**3 + 5*o**2 + 2*o + 6. Calculate the remainder when d(5) is divided by s.
7
Suppose -10*a + 52 = -88. Let j = 31 - -25. Let m = -15 + j. Calculate the remainder when m is divided by a.
13
Let h(w) = -4*w - w**2 - 6*w + 4 + 0 - 1. Let g be h(-10). Suppose 0 = -5*t + 15, -g = -y - t + 5. Calculate the remainder when 14 is divided by y.
4
Calculate the remainder when ((-23)/2)/((-1)/2) is divided by 8.
7
Let a(d) = 4*d**2 - d - 3. Let y be a(5). Let n = y - 51. Suppose 51 + 4 = 5*s. Calculate the remainder when n is divided by s.
8
Let r(x) = 3*x**2 + 6*x - 2. Let u be r(5). Calculate the remainder when 3/6 + u/2 is divided by 18.
16
Let r = 8 + -5. Suppose r*z + 38 = 4*p, 3*z - 4 = 2. What is the remainder when 43 is divided by p?
10
Calculate the remainder when ((-24)/36)/((-2)/63) is divided by 12.
9
Let r(p) = -3*p. Let s(f) = -3*f + 1. Let y(c) = 2*r(c) - 3*s(c). Calculate the remainder when 28 is divided by y(6).
13
Let d(h) = 2*h**2 - 3*h. What is the remainder when d(-3) is divided by 6?
3
Suppose -n - 67 = -3*z, 4*z = -5*n + 122 - 39. What is the remainder when 107 is divided by z?
19
Let c(i) = -29*i - 7. What is the remainder when c(-3) is divided by 27?
26
Let s be (-1 + -1)*-10 + 0. Suppose 4*d + s = 4*r, -5*r + r - 5*d = -65. Let j = -28 - -47. Calculate the remainder when j is divided by r.
9
Let k(v) = v**3 + 11*v**2 + 8*v + 6. What is the remainder when k(-10) is divided by 9?
8
Let u(w) = -w**3 + 6*w**2 - w + 8. Let i be u(6). Let k be 32 + 0/((-2)/i). Let q = k - 9. Calculate the remainder when q is divided by 12.
11
Let c = 41 + -39. Let r = 6 - 3. Calculate the remainder when r is divided by c.
1
Let f(c) = -c + 5. Let b be f(-6). Let t = 12 - b. Suppose -x + 3*w = -13, -w = 4*w + 20. What is the remainder when t is divided by x?
0
Calculate the remainder when 11 - (-8)/(-6)*36/(-24) is divided by 9.
4
Suppose 50 = -0*w + 5*w. What is the remainder when 28 is divided by w?
8
Suppose 0 = 3*m - 3 - 9. Suppose 21 = 3*x + m*l - l, -4*l = 8. What is the remainder when 26 is divided by x?
8
Calculate the remainder when 37 is divided by 2/(-12) + (-366)/(-36).
7
Let m(c) = -c + 5*c - 2*c**2 - 10*c**3 + 1 - 3*c. What is the remainder when m(-2) is divided by 24?
23
Suppose -4*a + q - 15 = 15, -2*q - 20 = 2*a. Let i(z) = z**2 + 7*z + 3. What is the remainder when 40 is divided by i(a)?
7
What is the remainder when 173 is divided by -5 - -50 - (2 - (2 + -1))?
41
Let g = 49 + 3. Calculate the remainder when g is divided by 19.
14
Calculate the remainder when 24 is divided by ((-26)/(-3))/((-38)/(-57)).
11
Let y(m) = -m**2 + 18*m - 48. Let u(p) = 2*p**2 - 3. What is the remainder when u(-5) is divided by y(12)?
23
What is the remainder when 24 is divided by (-6 - -5)/((-2)/26)?
11
Let a(m) = m - 4. Let u be a(5). Calculate the remainder when 20/2 + u + -1 is divided by -1*(-4)/(-4)*-4.
2
Suppose -43 = -5*f + 7. Calculate the remainder when 59 is divided by f.
9
Suppose 5*h + 3*w - 223 = 0, -2*h - w + 177 = 2*h. Suppose -2*z = 3*z - 115. What is the remainder when h is divided by z?
21
Suppose 4*z = -0*x - 5*x + 53, -64 = -4*x + 4*z. Let y = -16 - -7. Let c = 16 + y. What is the remainder when x is divided by c?
6
Let p(c) = -c - 7. Let j be p(-9). Suppose 3*r - 32 = 2*q, 6 = 2*q + j. What is the remainder when 22 is divided by r?
10
Let z = 3 - 1. Suppose -z*d + 76 = -0*d. Calculate the remainder when (-2)/(-2)*d/2 is divided by 7.
5
Let n(t) = t**3 - t**2 + 2*t + 4. Let m(v) = -15*v - 1. Let b be m(-1). Suppose b = -0*d + d. What is the remainder when d is divided by n(0)?
2
Suppose 2*p - 41 = p. What is the remainder when p is divided by 11?
8
Let q(s) = 4*s**2 - s - 2. Suppose -10*y = -9*y - 47. Calculate the remainder when y is divided by q(-2).
15
Let q(x) = x + 18. Suppose 3*m = 2*m. What is the remainder when q(m) is divided by 7?
4
Let r = 149 + -66. What is the remainder when r is divided by 42?
41
Suppose -11 = -63*h + 62*h. Suppose 4*g + c = 28, 0 = 5*g - c - 0*c - 35. Calculate the remainder when h is divided by g.
4
Let w(o) = o**2 - 2. Suppose -2*n + 4 = -4. Calculate the remainder when w(n) is divided by 8.
6
Let a = -34 + 61. Calculate the remainder when 53 is divided by a.
26
Suppose 78*m - 81*m = -81. Calculate the remainder when 45 is divided by m.
18
Let k(o) = -6*o - 48. What is the remainder when 22 is divided by k(-9)?
4
Let d = -7 + 1. Let o(z) = -5*z - 1. What is the remainder when o(d) is divided by 11?
7
Let i(j) = j**3 - 14*j**2 - 14*j + 12. Calculate the remainder when i(15) is divided by 14.
13
Suppose -2*w + 15 = -31. Suppose -3*g - 2*g + 72 = 3*c, 0 = 4*g - 4*c - 32. What is the remainder when w is divided by g?
11
Suppose -3*f = -4*a + 263, f - 6*f = -a + 70. Suppose 5*s = -4*n + 41, s + a = 4*n - 2*s. What is the remainder when 55 is divided by n?
13
Let q = 66 - 25. What is the remainder when 159 is divided by q?
36
Let i(g) = g**3 - 2*g**2 - 4*g - 3. Calculate the remainder when 48 is divided by i(4).
9
Let j be (-39)/(-15) - 4/(-10). Suppose -u - 114 = -4*i, 0 = -2*i + j*u + 9 + 43. Let c(f) = -4*f - 5. Calculate the remainder when i is divided by c(-5).
14
Let j be 3*(-3 - -2) + 2. Let f = j + 30. What is the remainder when f is divided by 15?
14
Let w(s) = -3*s**3 - 3 - 2*s - 4*s**2 + 3. Calculate the remainder when 22 is divided by w(-2).
10
Let d(v) = -7*v - 3. What is the remainder when d(-3) is divided by 7?
4
Let i = -41 - -54. Calculate the remainder when 62 is divided by i.
10
Let k = 5 + -5. Suppose x - 1 - 1 = k. What is the remainder when 5 is divided by x?
1
Suppose -15*p = -4*p - 55. What is the remainder when 6 is divided by p?
1
Suppose j + 8 = 13. Let q = 34 - j. Suppose -45 = -3*c - 2*z, 3*z = 7*z. Calculate the remainder when q is divided by c.
14
Calculate the remainder when (159/2)/((-6)/(-4)) is divided by 11.
9
Suppose 0 = 3*z - 8*z + 50. What is the remainder when 49 is divided by z?
9
Suppose 4*y + 83 = 3*z, 5*z - 12 = -5*y - 72. 